{"id":2,"date":"2015-03-30T04:51:49","date_gmt":"2015-03-30T04:51:49","guid":{"rendered":"http:\/\/localhost\/wordpress-4.0.1\/wordpress\/?page_id=2"},"modified":"2021-04-22T10:56:51","modified_gmt":"2021-04-22T08:56:51","slug":"sample-page","status":"publish","type":"page","link":"https:\/\/prosatira.de\/?page_id=2","title":{"rendered":"\u00dcber uns"},"content":{"rendered":"<p><strong>Schreiben Sie das:<\/strong><\/p>\n<p>Falls Sie wirklich etwas \u00fcber unsere kleine Textschmiede in der Vorderpfalz schreiben wollen, k\u00f6nnte ich erz\u00e4hlen, dass der Autor und Inhaber <strong>Karl-Erich Weber<\/strong>, 1959 in Ludwigshafen am Rhein geboren wurde. Nach einer kaufm\u00e4nnischen Lehre in einem Familienunternehmen der Reisebranche, entwickelte sich sein Schreibtalent als Betriebsratsvorsitzender eines erzkonservativen Konzerns.<\/p>\n<p>Berufliche Erfahrungen fanden sich bei Weber, der auch eine Ausbilderpr\u00fcfung erfolgreich abschloss, zudem in seiner 25-j\u00e4hrigen <strong>Selbstst\u00e4ndigkeit<\/strong> als <strong>IT-H\u00e4ndler<\/strong>, als Vorsitzender eines <strong>Gewerbeverbands<\/strong>, als <strong>Pressesprecher<\/strong> einer politischen Partei sowie in einer weiteren Ausbildung zum <strong>Technischen Redakteur<\/strong>.<\/p>\n<p>Inzwischen politisch, sozial und intellektuell gereift, waren seine Kommentare, insbesondere die satirischen Statements, von den einen gef\u00fcrchtet, von den anderen gern gelesen. Als <strong>Ghostwriter<\/strong> f\u00fcr politische Parteien, Unternehmen und Einzelpersonen profilierte sich <strong>proSatira<\/strong> in der Redenschreiberei.<\/p>\n<p>Von Damian Sicking, einem bekannten Chefredakteur einer&nbsp;Fachhandelszeitschrift,&nbsp; wurde Webers Schreibtalent entdeckt und fortan begann seine autodidaktische Entwicklung als <strong>freier Journalist<\/strong> und <strong>Autor<\/strong>.<\/p>\n<p>Testberichte und Marktprojektionen, Messereportagen,&nbsp;das Redigieren von Produktvorstellungen, Interviews mit bekannten K\u00f6pfen aus Politik, Wirtschaft und Showbusiness folgten.<\/p>\n<p>F\u00fcr das Glossieren des aktuellen IT-Geschehens erhielt er 1998 seine erste st\u00e4ndige Kolumne, den<strong><a title=\"Querschl\u00e4ger\" href=\"http:\/\/www.channelpartner.de\/p\/querschlaeger,3874\" target=\"_blank\" rel=\"noopener\"> Querschl\u00e4ger<\/a><\/strong>. Diese,&nbsp;in jeder Printausgabe der <a href=\"http:\/\/www.channelpartner.de\/\" target=\"_blank\" rel=\"noopener\"><em><strong>ChannelPartner<\/strong><\/em><\/a> erscheinende satirische Kommentierung aus der Sicht eines kleinen Computerh\u00e4ndlers, ist seit \u00fcber siebzehn Jahren ein fester Bestandteil der ITK-Welt. Dazu kommen&nbsp;reichlich eigene&nbsp;<a href=\"http:\/\/www.pcpress.de\"><strong>Projekte<\/strong> <\/a>und <strong><a href=\"http:\/\/www.pcpress.de\/\">Auftragsarbeiten<\/a><\/strong>.<\/p>\n<p>Den Kopf voller Ideen wartet <strong>proSatira<\/strong> auf das Platzen der PISA-Blase, das Outing der Bologna-Klick-and-Paste-Intellektuellen, die geistige Wiedervereinigung Deutschlands,&nbsp;Europas und der Welt, aber&nbsp;vor allem auf die Renaissance des feinsinnigen Humors.<\/p>\n<p>Inzwischen schaffen es die Kommentare auf \u00fcberregionale Bl\u00e4tter und auch beim regionalen Fernsehen holte er sich Erfahrung vor und hinter der Kamera.<\/p>\n<p>Seit 2013 schreibt und redigiert er als fester freier Mitarbeiter f\u00fcr den IDG-Verlag in&nbsp;M\u00fcnchen.<\/p>\n<p><strong>Aber wichtiger was war,&nbsp;ist das, was sein wird.<\/strong><\/p>\n<p>Also was geht?<\/p>\n<p>&nbsp;<\/p>\n","protected":false},"excerpt":{"rendered":"<p>Schreiben Sie das: Falls Sie wirklich etwas \u00fcber unsere kleine Textschmiede in der Vorderpfalz schreiben wollen, k\u00f6nnte ich erz\u00e4hlen, dass der Autor und Inhaber Karl-Erich Weber, 1959 in Ludwigshafen am Rhein geboren wurde. Nach einer kaufm\u00e4nnischen Lehre in einem Familienunternehmen &hellip; <a href=\"https:\/\/prosatira.de\/?page_id=2\">Weiterlesen <span class=\"meta-nav\">&rarr;<\/span><\/a><\/p>\n","protected":false},"author":1,"featured_media":0,"parent":0,"menu_order":0,"comment_status":"closed","ping_status":"closed","template":"","meta":{"footnotes":""},"_links":{"self":[{"href":"https:\/\/prosatira.de\/index.php?rest_route=\/wp\/v2\/pages\/2"}],"collection":[{"href":"https:\/\/prosatira.de\/index.php?rest_route=\/wp\/v2\/pages"}],"about":[{"href":"https:\/\/prosatira.de\/index.php?rest_route=\/wp\/v2\/types\/page"}],"author":[{"embeddable":true,"href":"https:\/\/prosatira.de\/index.php?rest_route=\/wp\/v2\/users\/1"}],"replies":[{"embeddable":true,"href":"https:\/\/prosatira.de\/index.php?rest_route=%2Fwp%2Fv2%2Fcomments&post=2"}],"version-history":[{"count":7,"href":"https:\/\/prosatira.de\/index.php?rest_route=\/wp\/v2\/pages\/2\/revisions"}],"predecessor-version":[{"id":104,"href":"https:\/\/prosatira.de\/index.php?rest_route=\/wp\/v2\/pages\/2\/revisions\/104"}],"wp:attachment":[{"href":"https:\/\/prosatira.de\/index.php?rest_route=%2Fwp%2Fv2%2Fmedia&parent=2"}],"curies":[{"name":"wp","href":"https:\/\/api.w.org\/{rel}","templated":true}]}}